lculate r(c).
8
Let o(t) = t**2 + 7*t + 4. Let i(q) = -2*q**2 - 14*q - 8. Let f(a) = a**2 + 3*a - 5. Let v be f(-6). Let u(c) = v*o(c) + 6*i(c). Give u(-6).
-2
Let f be (-2)/4 - 30/(-12). Let t(m) = -3 + 0*m**2 - m - m**f + 2. Let s(b) = -5*b**2 - 7*b - 11. Let l(z) = -s(z) + 6*t(z). Determine l(0).
5
Let k(h) be the third derivative of -h**6/120 - h**5/15 + h**4/4 - 7*h**3/6 + 29*h**2. Determine k(-5).
-12
Let r(b) be the third derivative of b**5/60 - 5*b**4/12 + b**3/6 + b**2. Determine r(4).
-23
Let q(v) = -v**3 + 0*v + 2*v**2 - 3 + 2*v**2 + 2*v**2 - 5*v. Suppose 5*n = -0*n + 15. Suppose s - 27 = -2*r - n*r, s = -3*r + 17. Determine q(r).
-3
Let n be 2/(-6) - 4/6. Let p(j) = 11*j**2 + 3*j - 2. Let w(z) = 23*z**2 + 7*z - 5. Let f(k) = 5*p(k) - 2*w(k). Calculate f(n).
8
Let v(n) = -n - 13. Let s(z) = z**2 - 14*z + 27. Let b be s(11). Give v(b).
-7
Suppose 0 = -5*a - 0 + 5. Let g(p) = -3*p**3 + 3*p**2 + 4. Let y(r) = 6*r**3 - 5*r**2 - 7. Let c(x) = 7*g(x) + 4*y(x). Give c(a).
4
Let v(l) = -l**3 - 3*l**2 + 2*l - 5. Let k be (-2)/(-5)*(6 - 1). Let o(n) = n**3 + 2*n**2 - n + 4. Let d(j) = k*v(j) + 3*o(j). Determine d(-2).
-8
Let j = 1 - 0. Suppose 4*k + 3 + j = 0. Let s(b) = -9*b**2 - 2*b - 1. Let f(r) = r**2 + r + 1. Let a(p) = f(p) + s(p). Give a(k).
-7
Let i(w) = 2*w - 5. Let l be i(4). Let g(c) = -2*c + 3. Let j(v) = 4*v - 6. Let d(z) = -5*g(z) - 3*j(z). Determine d(l).
-3
Let i(u) = -2*u + u**2 + 4*u - u - 4. Let k = 3 - 0. Suppose -9 + k = 2*a. Give i(a).
2
Let f = -63 + 34. Let r be f/(-9) - (-4)/(-18). Suppose -r - 5 = 4*s. Let p(z) = -z**3 - 4*z**2 - 2*z - 3. What is p(s)?
-7
Suppose 5*m - 7 = -5*q - 2, 5*m - 2*q - 40 = 0. Let u be m*(-3)/(-9) - 1. Let g(p) = -p**3 + p**2 - 1. Calculate g(u).
-1
Let r(p) = 5*p - 1. Let z(j) = 24*j - 6. Let n be (14/(-21))/(4/(-66)). Let l(s) = n*r(s) - 2*z(s). Give l(1).
8
Let r(j) = j - 2. Let h = -37 + 39. What is r(h)?
0
Let k(p) = 3*p**3 - 3*p**2 + 4*p - 9. Let a(g) = g**3 - g**2 + g - 1. Let h(n) = 4*a(n) - k(n). Give h(0).
5
Let a(v) = v + 1. Let r(m) = m**2 + 3*m + 1. Let f be r(-4). Let g(u) = 1 - 1 + 2 + f*u. Let q(w) = 6*a(w) - g(w). Give q(-5).
-1
Let f(h) = h**3 - 2*h**2 - 2*h - 8. Let u(x) = 2*x**3 - 5*x**2 - 3*x - 16. Let j(p) = 7*f(p) - 4*u(p). Give j(6).
-4
Let w(g) = 2*g**2 - g - 2. Let i be w(2). Suppose 89*s = 92*s - 9. Suppose -u + s*m - i*m = 3, -u - 11 = -3*m. Let k(b) = -b + 1. Calculate k(u).
6
Let x = 9 + -14. Suppose 6*f = 4*f + 2. Let p(u) = -f - 4*u - 2*u - 1 - u**2. What is p(x)?
3
Let z = -13 + 15. Let l(k) = 8*k - 3 + 2 - k**2 + 2*k**z. Calculate l(-6).
-13
Let p(g) = -3*g**2 + 8*g - 2. Let s(a) = 4*a**2 - 9*a + 2. Let d(y) = 3*p(y) + 2*s(y). Calculate d(3).
7
Let s(j) be the third derivative of j**4/12 - j**3 + 6*j**2. What is s(5)?
4
Let j(l) be the first derivative of -l**2/2 + 7*l - 11. Give j(8).
-1
Let v(u) = -u + 2. Let i(w) = -10*w**2 - 2*w. Let z be i(-1). Let p be 3 + 2/(z/20). Calculate v(p).
4
Suppose -d = 2*d. Let m(u) = -u**2 - 2*u + 4. Let z(r) be the first derivative of r**3 + 5*r**2/2 - 8*r + 2. Let y(v) = -5*m(v) - 2*z(v). Give y(d).
-4
Suppose 5*i + 3*n = -35, -3*n - 18 = -3. Let q(f) = -11*f + 9. Let z(m) = -9*m + 9. Let k(u) = -5*q(u) + 6*z(u). What is k(i)?
5
Let s(u) = 2*u - 3*u - 15*u**3 + 21*u**3 + 1 - 2. Calculate s(-1).
-6
Let i(z) be the second derivative of -z**5/20 + z**3/6 - 7*z**2/2 - z. Let c = -34 - -34. Give i(c).
-7
Let u = -13 + 18. Let l(d) = -3*d**2 + 9*d + 17. Let c(q) = -2*q**2 + 4*q + 9. Let n(y) = u*c(y) - 3*l(y). Suppose -o = -p - 2*p - 15, 4*o = 0. Give n(p).
4
Let p be -1 - 4/(0 - -2). Let b be p + (-4 - (-3 + 1)). Let k(n) = -10 - n + 3 + 1. Give k(b).
-1
Let g(l) = l**3 + 7*l**2 - 9. Suppose -5*b - 10 - 25 = 0. Calculate g(b).
-9
Let z(a) = -a + 0*a + 4 - 7*a + 9*a. Give z(-5).
-1
Suppose 103 = -3*w + 100. Let k(b) = 2*b**2 - 1. Determine k(w).
1
Let u be (-2 - 12/2) + 3. Let y(k) = -3*k + 4*k + 3 + 3. What is y(u)?
1
Suppose -5*u + 4*u - 5 = -2*w, -10 = -2*u. Suppose w*b = b + 12. Let r(h) = h**b + 3*h**2 - h**2 + 1 + 0*h**2. Give r(-3).
-8
Let d(m) = -4 - 2*m + 13 + m. Suppose 2*t = 5*y + 21, y - 12 = t - 6*t. Suppose t*k = 4*b - 8, b - 1 = 5*k + 1. Determine d(k).
9
Let j(a) = a**2 + 6*a + 4. Let k be j(-4). Let w(i) be the second derivative of -i**5/20 - i**4/3 - i**3/6 - 3*i**2/2 - 3*i. Determine w(k).
1
Let t(q) = q + 12. Let i be t(-9). Let v(w) = -4*w + 2. Determine v(i).
-10
Let f(o) be the second derivative of o**7/840 + o**6/72 - o**5/20 + o**4/8 + 2*o**3/3 - 2*o. Let m(b) be the second derivative of f(b). What is m(-6)?
3
Suppose 2*g + 0*g - 8 = 0. Let r(y) = 1 + g*y + 3*y - 4*y. Suppose 0 = -2*x + 3*a - 1 - 4, 0 = 4*x + 5*a - 23. Give r(x).
7
Let y(x) be the second derivative of -x + 0 + 0*x**2 + 1/3*x**3. Suppose 4 = -3*j + j. Calculate y(j).
-4
Let a(g) = g**2 - 7*g + 2. Let z(j) be the first derivative of -j**4/4 + 2*j**3 + 9*j**2/2 - 9*j + 3. Let d be z(7). Give a(d).
-8
Let c(z) be the second derivative of z**3/6 - 5*z**2 + 147*z. Suppose m = -2*i - 0*m, m = -4*i. What is c(i)?
-10
Let d = 8 + -11. Let s be (-2)/3 + 4/d. Let f(v) = -8*v**2 - 4*v - 3. Let q(r) = -7*r**2 - 4*r - 3. Let w(n) = 4*f(n) - 5*q(n). What is w(s)?
7
Let q(b) = b**2 + 6*b + 7. Let n be q(-6). Let p(t) = -t**2 + 8*t - 3. Give p(n).
4
Let q(m) = 3 + 4*m - 2*m + 4*m - 4*m. Suppose -279 = -5*h + 141. Let j be 1/(-3) - h/18. Determine q(j).
-7
Let r = 0 - 1. Let i = 1 - r. Let o(t) = 0*t**3 + 2*t + i + t**2 + 0*t**2 + t**3. Calculate o(-2).
-6
Let x(i) = 5*i**2 - 3. Let m(z) = -4*z**2 + 2. Let t(s) = 4*m(s) + 3*x(s). Let w(l) be the first derivative of t(l). Calculate w(2).
-4
Suppose 2*w - 6 = -3*v, -w = w + 2*v - 6. Let n(q) = -9*q + w*q - 1 + 7*q. Determine n(0).
-1
Let u be 15/(-20) - 87/12. Let h(a) = -a**2 - 7*a + 9. Determine h(u).
1
Suppose d + 0 = 6. Let w(n) = 3*n**2 + 1 - 2*n**2 + 0. Let y(o) = -o**3 - 8*o**2 + o - 8. Let p(v) = d*w(v) + y(v). Calculate p(-3).
4
Let g(i) be the first derivative of 2*i**3/3 - i**2/2 + i + 31. What is g(3)?
16
Suppose 3*q + 0 - 6 = 0. Suppose -u - 2 = q. Let t(z) = -z - 1. Let r(n) = n + 1. Let h(m) = -5*r(m) - 4*t(m). What is h(u)?
3
Let f(d) = 4*d**3 + 2*d - 2 - 2*d**2 - 3*d**3 + 5. Let c(k) = -k**3 + k**2 - k - 2. Let s(j) = 5*c(j) + 4*f(j). Give s(-4).
6
Let w(d) be the third derivative of -d**3 - 1/24*d**4 + 0 - 5*d**2 + 0*d. Calculate w(-8).
2
Let j = -81 - -73. Let l(b) = -b**3 - 8*b**2 + b + 6. What is l(j)?
-2
Let u(h) = 5 - h + 0 - 4 - h**2. Let o be (-6)/(-3) + 1*2. Suppose o*a + 4 = 4*x, -4*x + 4*a = -2*x - 8. What is u(x)?
-1
Let s(m) = 13*m - 6 + 5 - 4*m. Determine s(1).
8
Suppose -p - 8 = 2*l, 2*l = 5*l + 15. Let n(r) = r**2 - p - 4 - 3*r - r. Let j be 10/(-65) + (-67)/(-13). Calculate n(j).
-1
Let a(z) = z**2 - z**2 + 1 - 2*z**2 - z**3 - 6*z**2. Let l be a(-8). Let u(t) = -7*t**2 + 2*t - 1. Calculate u(l).
-6
Let z(m) = 8*m + 7*m - 14*m + 5. Give z(-9).
-4
Let j = -7 + 5. Let m be (j + 6)*1 + -1. Let a(b) = 3 + b - m. What is a(2)?
2
Suppose x + 0*x = 3. Let l(z) = -z**2 + z. Let o be l(x). Let s(n) = -n**2 - 5*n - 2. Give s(o).
-8
Let d be 24/3*(-1 + (-2)/(-8)). Let s(h) = -h**2 - 8*h - 4. What is s(d)?
8
Let q(x) = x**2 + x + 1. Let v(c) = -c**2 - 9*c. Let b(i) = -2*q(i) - v(i). Let p be (3/(-3))/(-1) - -14. Suppose 0 = 5*k - 2*k - p. What is b(k)?
8
Let q(m) be the first derivative of -3*m**2 - 9. Determine q(1).
-6
Let a(v) = v**2 - 5*v + 2. Let l = -9 + 14. What is a(l)?
2
Let u(b) = -b**3 + b. Let f be u(0). Let h(x) = x**2 + 3*x**3 + f*x**3 + x**3 - 3*x**3. Let c(s) = s**3 + 3*s**2 + s + 3. Let k be c(-3). Give h(k).
0
Let u(k) = 3*k + 5. Suppose 0 = 2*m + 2 + 10. Let t(a) = -a - 2. Let j(v) = m*u(v) - 15*t(v). Calculate j(-1).
3
Let g(n) = 8*n**2 - n. Let t(r) = -r**3 + 10*r**2 + 11*r + 1. Let l be t(11). Calculate g(l).
7
Let t(j) = -2. Let o be (-12)/8*(-16)/(-3). Let z(b) = -5. Let v(m) = o*t(m) + 3*z(m). Let s(p) = -p. Let w(u) = s(u) + v(u). What is w(0)?
1
Let j(s) = 14*s**3 - 14*s**2 + 14*s - 29. Let t(z) = 5*z**3 - 5*z**2 + 5*z - 10. Let p(o) = -4*j(o) + 11*t(o). What is p(0)?
6
Suppose -6*g = -2*g. Let f(c) = 7*c**3 + 2*c + 24. Let j(k) = -4*k**3 - k - 12. Let a(p) = 3*f(p) + 5*j(p). Calculate a(g).
12
Let d(a) = -a**3 - 6*a**2 - 7*a - 10. Let f be d(-5). Let s(